e -12*t - 2 = -14*t. Let o(a) = 97*a + 5. Let z be o(t). Suppose -3*m + 490 = -2*x - z, 5*x + 598 = 3*m. What are the prime factors of m?
2, 7
Let k(q) be the third derivative of -q**4/8 - 10*q**3/3 + q**2. Let w be k(-8). Suppose -w*a = -449 + 117. What are the prime factors of a?
83
Let f = -31651 + 61739. List the prime factors of f.
2, 3761
Let f(m) = 10*m**3 - 20*m**2 + 5*m - 12. Let q(g) = -11*g**3 + 21*g**2 - 5*g + 12. Let i(k) = 6*f(k) + 5*q(k). List the prime factors of i(6).
2, 3, 31
Let a(c) be the third derivative of -3*c**4/8 + c**3/2 + 3*c**2. Let o(k) = k. Let j(d) = -a(d) + 3*o(d). List the prime factors of j(6).
3, 23
Let n(l) be the third derivative of l**5/60 - 7*l**4/24 + 59*l**3/6 - 11*l**2 - 2. What are the prime factors of n(25)?
509
Let v be (-1)/(((-15)/(-12))/(-5)). Suppose v*n - 17 + 1 = -a, -a - 3*n + 18 = 0. Suppose a*t = 20*t + 660. List the prime factors of t.
3, 5, 11
Let x(l) = 26*l + 38. Let z(v) = 26*v + 38. Let s(r) = -2*x(r) + 3*z(r). Let p be s(15). Let q = p - 206. List the prime factors of q.
2, 3, 37
Suppose -9*m + 4*m = -3645. Suppose 3*r - 3*u = m, 2 = -u + 5. List the prime factors of r.
2, 3, 41
Let n(j) = -3*j**2 + 24*j + 4. Let b be n(8). Let q(s) = 0*s**3 - s + 2*s**3 + 58 + b*s - 3*s**3. List the prime factors of q(0).
2, 29
Suppose 10*z - 6*z + 5*n - 821 = 0, n = 2*z - 421. Suppose -4*j + z = 2*b - 225, 5*b - 1080 = -5*j. List the prime factors of b.
5, 43
Let k = -108 + 109. What are the prime factors of k*(-80)/(-30)*(-465)/(-2)?
2, 5, 31
Let p = -132 + 197. Suppose -5*u + p = -4*u. What are the prime factors of u?
5, 13
Suppose -3 + 2 = d, 0 = -2*p - 4*d - 4. Let f(o) = -2*o**2 - 3*o + 22. Let q be f(p). Suppose 486 = q*j - 19*j. What are the prime factors of j?
2, 3
Let s = -175 + 175. Suppose s = -3*q + 4*b + 1487, -4*b = -0*b - 4. List the prime factors of q.
7, 71
Let q(k) = k**3 - 27*k**2 + 49*k + 18. Let r be q(35). Suppose 9*a - r = -10*a. What are the prime factors of a?
607
Let y(t) = 2*t + 5. Let a be y(-17). Let w(i) = -31*i - 85. List the prime factors of w(a).
2, 11, 37
List the prime factors of (189015/(-20))/((-122)/488).
3, 12601
Let s(j) = -17*j + 406. Let c be s(24). Let o(h) be the first derivative of -28*h**2 - 15*h - 4. What are the prime factors of o(c)?
97
Let v be (0 - 17808/(-35))*5. Suppose 3*s = 5*i + 4846, -5*s = -5*i + v - 10624. What are the prime factors of s?
3, 7, 11
Suppose -69*o + 92064 = 68*o. Let u = 19 - 13. Suppose u*x = -0*x + o. What are the prime factors of x?
2, 7
Suppose -u - 66*l + 22863 = -71*l, 2*u + 4*l - 45754 = 0. List the prime factors of u.
89, 257
Let p = 15099 + -6402. List the prime factors of p.
3, 13, 223
Suppose -3*b = -2*i + 11, 4*b = -2*i - 2*i + 32. Suppose -i*s - 26 = -5*s. What are the prime factors of (-3)/((6/s)/(11 + -9))?
13
Suppose -f = 4*u - 11138, -1076 = -3*f - 3*u + 32419. What are the prime factors of f?
2, 37, 151
Suppose 3 = 3*v, -3*v - 536 = -f + 360. Let p = f + -145. What are the prime factors of p?
2, 13, 29
Suppose -c + 3*p + 1 + 8 = 0, -5*c + 4*p + 23 = 0. Suppose c*h - 30 = -2*h - 5*y, 6 = -2*y. What are the prime factors of (h/2)/(3/148)?
2, 3, 37
Let f be 11/(-6 + (-475)/(-80)). Let p = 702 + f. List the prime factors of p.
2, 263
Suppose 15048 = -47*y + 23*y. List the prime factors of -4 + 6 - y - (-3)/3.
2, 3, 5, 7
Let l(o) = -57*o**3 - 6*o**2 - 10*o - 15. Let t be 7/28*2*6*-1. What are the prime factors of l(t)?
2, 3, 5
Let n = -52743 - -89910. What are the prime factors of n?
3, 13, 953
Suppose -4*j + 139*u - 138*u + 26087 = 0, 4*u - 32572 = -5*j. List the prime factors of j.
2, 5, 163
Suppose 4*u + 3*r - 43 = 0, 0*u + 2*r = u - 8. Let x be u/3 + (-12)/(-18). Suppose -6*l + 950 = x*l. What are the prime factors of l?
5, 19
Suppose -6*x + 5087 = -10795. Suppose 0 = -3*u + x + 1508. List the prime factors of u.
5, 277
Let c(b) = 336*b**2 + 11*b - 28. Let d(y) = 6*y**2 + 156*y + 2. Let j be d(-26). List the prime factors of c(j).
2, 3, 223
Let m(w) = 15*w**2 + 40 + w - 23 - 15. Suppose 2*r + 5 = -3*r. List the prime factors of m(r).
2
Suppose 11*w - 80 = 3*w. Let x be 1 - 21/(-27) - w/(-45). Suppose q = x*v - 18, -4*v - 5*q + 48 = -4*q. List the prime factors of v.
11
Suppose -487 = -57*y + 58*y. Let f = y + 614. What are the prime factors of f?
127
Suppose -2*a + a + 5 = 0. Let d be (-50 + -19 - (-1 + 0))*-1. Suppose -d = 3*r - 4*r - 4*n, 340 = 5*r - a*n. List the prime factors of r.
2, 17
Let g(f) = -f**3 + 2*f**2 + 4*f + 1. Let c be (-16)/(-5) - (2 - 5)/(-15). Let t be g(c). Let d(s) = 6*s**2 - 4*s. List the prime factors of d(t).
2, 5
Let l(d) = d**3 + 34*d**2 - 62*d + 401. What are the prime factors of l(11)?
2, 1291
Let a(m) = 4*m**2 + 9*m - 6. Let w(r) = -7*r**2 - 17*r + 12. Let g(i) = 11*a(i) + 6*w(i). Let f be (-1 - 1)*((-11)/(-2) - 3). List the prime factors of g(f).
71
Let k be (-3)/(-2)*(-8)/(-3). Suppose k*j - 3*l = 1479, 1105 = 2*j + j + 2*l. List the prime factors of j.
3, 41
Suppose -3 = -13*u + 23. Suppose -u*i - 2*r = -1588, -7*i - 794 = -8*i - 3*r. What are the prime factors of i?
2, 397
List the prime factors of 2/(-2) + (7128 - 86).
3, 2347
Let c = 339 + 18. List the prime factors of (1 - 8 - -5) + c.
5, 71
Suppose -252*l + 193*l = -1303487. What are the prime factors of l?
22093
Let r be 4/(-16) - (-6 - (-38034)/24). Let c = 2371 + r. List the prime factors of c.
2, 3, 11
Let j(c) = -13*c + 1. Let n be j(-2). Suppose 0 = 83*h - 82*h + n. List the prime factors of (-144)/h*(-93)/(-4).
2, 31
Let g(y) be the third derivative of 5*y**4/24 - 5*y**3/2 + 6*y**2. Let u be g(-14). Let s = u + 115. What are the prime factors of s?
2, 3, 5
Suppose -50*a - 432 = -46*a. Let d be (-50)/(-18) + (-24)/a. Suppose d*i - 381 = -3*h + 147, -2*i + 2*h + 344 = 0. List the prime factors of i.
2, 3, 29
Suppose -159 - 48 = 14*s + 17. Let u(g) = 2*g**3 - 8*g**2 - 2*g - 6. Let t be u(6). Let m = s + t. List the prime factors of m.
2, 5, 11
List the prime factors of ((-3740)/(-204))/(20/1644).
11, 137
Suppose -86*h - 9590 = -93*h. Let t = 2261 - h. What are the prime factors of t?
3, 11
Let d(u) = 9*u - 90. Let p be d(12). List the prime factors of (3*304/(-36))/(p/(-459)).
2, 17, 19
Let u = 898 + -512. Let d = u + -113. List the prime factors of d.
3, 7, 13
Let o = -182 - -377. Let c be o/((-26)/8 - -4). Suppose -6*y + y = -c. List the prime factors of y.
2, 13
Let x(b) = 2*b**3 - b**2 - 5. Let n(w) = -5*w + 34. Let p be n(8). Let z be ((-15)/(-9))/(p/9 + 1). What are the prime factors of x(z)?
2, 5, 11
Suppose 124*j - 118*j = 18. Suppose -2582 = -2*c + j*v, -5*v + 6480 = 5*c - 0*v. What are the prime factors of c?
2, 647
Let h = 29211 - 4317. What are the prime factors of h?
2, 3, 461
Let j = 67892 + -43029. What are the prime factors of j?
23, 47
Suppose 0 = 72*r - 148639 - 122657. What are the prime factors of r?
2, 3, 157
Let z be (-24)/(-4)*36/(-27). Let i(s) = s**3 + 10*s**2 + 12*s - 2*s**2 + 3*s**2 + 10. List the prime factors of i(z).
2, 53
What are the prime factors of ((-43)/((-1505)/42))/(4/3460)?
2, 3, 173
Suppose -5 = -9*i - 5. Let z be (-1 - -4) + i - 4 - -14. Suppose z*h = 7*h + 462. List the prime factors of h.
7, 11
Let n(v) = 324*v - 289*v + 2*v**2 - 98 - 10. List the prime factors of n(-29).
13, 43
Let d(n) = -14*n - 231. Let y be d(-17). Suppose 0 = -5*f + 3*h + 2300, -5*f + 5*h = y*h - 2325. What are the prime factors of f?
463
Let c(y) = 748*y**3 + 9*y + 25 + 64*y + 14*y**2 + 750*y**3 - 1499*y**3. List the prime factors of c(16).
3, 227
Let n be (-3)/(-1) - (-1 - -1). Let p = 1809 + -1811. List the prime factors of -11*(p + 3)*n/(-3).
11
Suppose -31*t + 135 = -144. Suppose 13*w = -t*w + 11506. List the prime factors of w.
523
Suppose 3*o + 741 = -5*g + 136, -g = -2*o + 108. Let j = 473 + g. List the prime factors of j.
5, 71
List the prime factors of 30/27 + -1 + (-1450748)/(-468).
2, 5, 31
Suppose 3*d = 2*y - 119 - 309, d + 143 = y. What are the prime factors of -7 - -4 - -8 - d?
3, 7
Let x(o) = -o**3 + 3*o**2 - 6*o + 6. Let w be x(-4). What are the prime factors of (-2)/(-8)*4*w?
2, 71
Let f = 2547 + -1474. Suppose -v = -4*v - m + f, v = 5*m + 331. List the prime factors of v.
2, 89
Suppose -2*d = 5*j - 15443, 5*d + 4989 = -5*j + 20444. List the prime factors of j.
3, 7
Suppose -3*a +